{"id":3224,"date":"2019-01-14T10:46:38","date_gmt":"2019-01-14T09:46:38","guid":{"rendered":"http:\/\/www.agriculturayensayo.com\/ayewebpage\/?page_id=3224"},"modified":"2019-05-02T12:06:28","modified_gmt":"2019-05-02T10:06:28","slug":"sobre-aye","status":"publish","type":"page","link":"https:\/\/www.agriculturayensayo.com\/ayewebpage\/es\/sobre-aye\/","title":{"rendered":"SOBRE AYE"},"content":{"rendered":"[vc_row full_width=&#8221;stretch_row_content_no_spaces&#8221; css=&#8221;.vc_custom_1547459316873{margin-top: -80px !important;}&#8221;][vc_column][vc_single_image image=&#8221;3230&#8243; img_size=&#8221;full&#8221; alignment=&#8221;center&#8221;][\/vc_column][\/vc_row][vc_row css=&#8221;.vc_custom_1547459431152{padding-top: 50px !important;}&#8221;][vc_column][vc_column_text]\n<h1 style=\"text-align: center;\">Sobre Agricultura y Ensayo<\/h1>\n[\/vc_column_text][vc_separator color=&#8221;green&#8221; el_width=&#8221;20&#8243;][\/vc_column][\/vc_row][vc_row][vc_column][vc_column_text]<span style=\"font-weight: 400;\">Agricultura y Ensayo nace en 1997 con tan s\u00f3lo 4 personas embarcadas en el proyecto. Durante todos estos a\u00f1os hemos ido creciendo y, a d\u00eda de hoy, ya somos 42 los profesionales que formamos parte de este equipo.<\/span><\/p>\n<p><span style=\"font-weight: 400;\">Nos dedicamos principalmente a la investigaci\u00f3n y desarrollo en el \u00e1mbito de la sanidad vegetal. Agricultura y Ensayo, con sede en el sur de Espa\u00f1a (Alcal\u00e1 de Guada\u00edra, Sevilla), ofrece sus servicios a lo largo de toda la geograf\u00eda espa\u00f1ola y portuguesa.<\/span>[\/vc_column_text][\/vc_column][\/vc_row][vc_row css=&#8221;.vc_custom_1547459919486{padding-top: 35px !important;}&#8221;][vc_column][vc_single_image image=&#8221;3298&#8243; img_size=&#8221;full&#8221;][vc_separator color=&#8221;custom&#8221; el_width=&#8221;20&#8243; accent_color=&#8221;#ffffff&#8221;][\/vc_column][\/vc_row][vc_row full_width=&#8221;stretch_row_content&#8221; css=&#8221;.vc_custom_1548589345293{padding-top: 100px !important;padding-right: 20% !important;padding-bottom: 100px !important;padding-left: 20% !important;background: #6dab3c url(http:\/\/www.agriculturayensayo.com\/ayewebpage\/wp-content\/uploads\/2019\/01\/Sin-t\u00edtulo-1.jpg?id=3302) !important;}&#8221; textcolor=&#8221;#ffffff&#8221;][vc_column][vc_column_text]\n<h1 style=\"text-align: center;\"><span style=\"color: #ffffff;\">\u00bfQu\u00e9 nos hace diferentes?<\/span><\/h1>\n[\/vc_column_text][vc_separator color=&#8221;white&#8221; el_width=&#8221;20&#8243;][vc_column_text]\n<p style=\"text-align: center;\"><span style=\"color: #ffffff;\">En Agricultura y Ensayo nos diferenciamos claramente de otras empresas del sector por diversos motivos:<\/span><\/p>\n[\/vc_column_text][vc_row_inner gap=&#8221;35&#8243;][vc_column_inner width=&#8221;1\/3&#8243;][vc_icon icon_fontawesome=&#8221;fa fa-heart&#8221; color=&#8221;white&#8221; background_style=&#8221;rounded-outline&#8221; size=&#8221;lg&#8221; align=&#8221;center&#8221;][vc_column_text]\n<p style=\"text-align: center;\"><span style=\"font-weight: 400;\">Somos una empresa totalmente independiente en Espa\u00f1a dedicada al I+D en el \u00e1mbito de la sanidad vegetal. Apostando fuertemente por ella e invirtiendo de forma considerable para estar situados en la vanguardia cient\u00edfica.<\/span><\/p>\n[\/vc_column_text][\/vc_column_inner][vc_column_inner width=&#8221;1\/3&#8243;][vc_icon icon_fontawesome=&#8221;fa fa-trophy&#8221; color=&#8221;white&#8221; background_style=&#8221;rounded-outline&#8221; size=&#8221;lg&#8221; align=&#8221;center&#8221;][vc_column_text]\n<p style=\"text-align: center;\"><span style=\"font-weight: 400;\">A diferencia de otras empresas m\u00e1s peque\u00f1as, proveemos servicios multidisciplinares y transversales, lo que nos posiciona como uno de los l\u00edderes en el sector.<\/span><\/p>\n[\/vc_column_text][\/vc_column_inner][vc_column_inner width=&#8221;1\/3&#8243;][vc_icon icon_fontawesome=&#8221;fa fa-handshake-o&#8221; color=&#8221;white&#8221; background_style=&#8221;rounded-outline&#8221; size=&#8221;lg&#8221; align=&#8221;center&#8221;][vc_column_text]\n<p style=\"text-align: center;\"><span style=\"font-weight: 400;\">Tenemos una clara orientaci\u00f3n al cliente, lo que supone flexibilidad y adaptabilidad a las sugerencias de los mismos, lo que nos ha llevado a ser una de las empresas mejor valoradas en Espa\u00f1a por las empresas agroqu\u00edmicas.<\/span><\/p>\n[\/vc_column_text][\/vc_column_inner][\/vc_row_inner][vc_row_inner gap=&#8221;35&#8243;][vc_column_inner width=&#8221;1\/3&#8243;][vc_icon icon_fontawesome=&#8221;fa fa-desktop&#8221; color=&#8221;white&#8221; background_style=&#8221;rounded-outline&#8221; size=&#8221;lg&#8221; align=&#8221;center&#8221;][vc_column_text]\n<p style=\"text-align: center;\"><span style=\"font-weight: 400;\">Disponemos de un alto desarrollo tecnol\u00f3gico, encontr\u00e1ndonos en plena transformaci\u00f3n digital de nuestros procesos de trabajo.<\/span><\/p>\n[\/vc_column_text][\/vc_column_inner][vc_column_inner width=&#8221;1\/3&#8243;][vc_icon icon_fontawesome=&#8221;fa fa-line-chart&#8221; color=&#8221;white&#8221; background_style=&#8221;rounded-outline&#8221; size=&#8221;lg&#8221; align=&#8221;center&#8221;][vc_column_text]\n<p style=\"text-align: center;\"><span style=\"font-weight: 400;\">Gozamos de una \u00f3ptima y eficiente organizaci\u00f3n de materiales y equipo.<\/span><\/p>\n[\/vc_column_text][\/vc_column_inner][vc_column_inner width=&#8221;1\/3&#8243;][vc_icon icon_fontawesome=&#8221;fa fa-users&#8221; color=&#8221;white&#8221; background_style=&#8221;rounded-outline&#8221; size=&#8221;lg&#8221; align=&#8221;center&#8221;][vc_column_text]\n<p style=\"text-align: center;\"><span style=\"font-weight: 400;\">Creemos que el \u00e9xito de nuestro negocio se basa en la profesionalidad del personal que est\u00e1 a pie de campo, por lo que tenemos muy en cuenta las necesidades y aspiraciones de todos nuestros t\u00e9cnicos<\/span><\/p>\n[\/vc_column_text][\/vc_column_inner][\/vc_row_inner][\/vc_column][\/vc_row][vc_row full_width=&#8221;stretch_row_content_no_spaces&#8221; gap=&#8221;35&#8243; css=&#8221;.vc_custom_1547462960223{padding-top: 50px !important;padding-right: 30% !important;padding-bottom: 50px !important;padding-left: 30% !important;}&#8221;][vc_column][vc_row_inner gap=&#8221;35&#8243;][vc_column_inner width=&#8221;1\/2&#8243;][vc_single_image image=&#8221;3306&#8243; img_size=&#8221;300&#215;300&#8243; alignment=&#8221;center&#8221; style=&#8221;vc_box_circle_2&#8243;][vc_column_text]\n<h2 style=\"text-align: center;\"><strong><span style=\"color: #6dab3c;\">Jes\u00fas Bustillo<\/span><\/strong><\/h2>\n<h4 style=\"text-align: center;\"><span style=\"font-weight: 400;\"><em>Socio Cofundador<br \/>\n<\/em><br \/>\nCon amplia experiencia en investigaci\u00f3n y desarrollo en el sector agroalimentario, especialmente en la gesti\u00f3n de proyectos y dise\u00f1o de ensayos.<\/span><\/h4>\n[\/vc_column_text][\/vc_column_inner][vc_column_inner width=&#8221;1\/2&#8243;][vc_single_image image=&#8221;3401&#8243; img_size=&#8221;300&#215;300&#8243; alignment=&#8221;center&#8221; style=&#8221;vc_box_circle_2&#8243;][vc_column_text]\n<h2 style=\"text-align: center;\"><strong><span style=\"color: #6dab3c;\">Salvador Moreno<\/span><\/strong><\/h2>\n<h4 style=\"text-align: center;\"><span style=\"font-weight: 400;\"><em>Socio Cofundador<br \/>\n<\/em><br \/>\nTras una etapa encargado de labores t\u00e9cnicas y de investigaci\u00f3n, coordina estudios de recursos a nivel europeo.<\/span><\/h4>\n[\/vc_column_text][\/vc_column_inner][\/vc_row_inner][\/vc_column][\/vc_row][vc_row full_width=&#8221;stretch_row_content_no_spaces&#8221;][vc_column][vc_single_image image=&#8221;3403&#8243; img_size=&#8221;full&#8221; alignment=&#8221;center&#8221;][\/vc_column][\/vc_row][vc_row full_width=&#8221;stretch_row_content_no_spaces&#8221; gap=&#8221;35&#8243; css=&#8221;.vc_custom_1547462960223{padding-top: 50px !important;padding-right: 30% !important;padding-bottom: 50px !important;padding-left: 30% !important;}&#8221;][vc_column][vc_column_text]\n<h1 style=\"text-align: center;\">Nuestro Equipo<\/h1>\n<h4 style=\"text-align: center;\"><span style=\"font-weight: 400;\">En Agricultura y Ensayo <\/span><span style=\"font-weight: 400;\">contamos con un grupo de gran calidad humana, lo que nos permite abarcar los proyectos complejos donde se requiere una alta comunicaci\u00f3n y trabajo en equipo.<\/span><\/h4>\n[\/vc_column_text][\/vc_column][\/vc_row][vc_row full_width=&#8221;stretch_row_content&#8221; css=&#8221;.vc_custom_1547461730611{padding-top: 100px !important;padding-right: 30% !important;padding-bottom: 100px !important;padding-left: 30% !important;background-color: #6dab3c !important;}&#8221; textcolor=&#8221;#ffffff&#8221;][vc_column width=&#8221;1\/4&#8243;][vc_column_text]\n<h2 style=\"text-align: center;\"><span style=\"color: #ffffff;\"><strong>Certificaciones<\/strong><\/span><\/h2>\n[\/vc_column_text][\/vc_column][vc_column width=&#8221;3\/4&#8243;][vc_column_text]\n<ul>\n<li style=\"font-weight: 400;\"><span style=\"font-weight: 400;\">Acreditaci\u00f3n 45\/00 EOR para realizar Ensayos Oficialmente Reconocidos en Espa\u00f1a.<\/span><\/li>\n<li style=\"font-weight: 400;\"><span style=\"font-weight: 400;\">Acreditaci\u00f3n 18\/16\/BPL020 por parte de ENAC de Buenas Pr\u00e1cticas de Laboratorio para Estudios de Residuos de Productos Fitosanitarios (efectos sobre organismos no objetivo y residuos).<\/span><\/li>\n<li style=\"font-weight: 400;\"><span style=\"font-weight: 400;\">Acreditaci\u00f3n de laboratorio de semillas por parte de la Junta de Andaluc\u00eda para la realizaci\u00f3n de distintos test de laboratorio.<\/span><\/li>\n<li>Acreditaci\u00f3n OOR n\u00ba25 de la Direcci\u00f3n General de Alimentaci\u00f3n y Veterinaria (DGAV) del Ministerio de Agricultura, Mar, Medio Ambiente y Ordenaci\u00f3n del Territorio de Portugal para realizar estudios con fines de registro de productos.<\/li>\n<\/ul>\n[\/vc_column_text][\/vc_column][\/vc_row]\n","protected":false},"excerpt":{"rendered":"<p>[vc_row full_width=&#8221;stretch_row_content_no_spaces&#8221; css=&#8221;.vc_custom_1547459316873{margin-top: -80px !important;}&#8221;][vc_column][vc_single_image image=&#8221;3230&#8243; img_size=&#8221;full&#8221; alignment=&#8221;center&#8221;][\/vc_column][\/vc_row][vc_row css=&#8221;.vc_custom_1547459431152{padding-top: 50px !important;}&#8221;][vc_column][vc_column_text] Sobre Agricultura y Ensayo [\/vc_column_text][vc_separator color=&#8221;green&#8221; el_width=&#8221;20&#8243;][\/vc_column][\/vc_row][vc_row][vc_column][vc_column_text]Agricultura y Ensayo nace en 1997 con tan s\u00f3lo 4 personas embarcadas en el proyecto. Durante todos estos a\u00f1os hemos ido creciendo y, a d\u00eda de hoy, ya somos 42 los profesionales que formamos parte de este equipo. [&hellip;]<\/p>\n","protected":false},"author":3,"featured_media":0,"parent":0,"menu_order":0,"comment_status":"closed","ping_status":"closed","template":"","meta":[],"yoast_head":"<!-- This site is optimized with the Yoast SEO plugin v14.5 - https:\/\/yoast.com\/wordpress\/plugins\/seo\/ -->\n<title>SOBRE AYE | Agricultura y Ensayo<\/title>\n<meta name=\"robots\" content=\"index, follow\" \/>\n<meta name=\"googlebot\" content=\"index, follow, max-snippet:-1, max-image-preview:large, max-video-preview:-1\" \/>\n<meta name=\"bingbot\" content=\"index, follow, max-snippet:-1, max-image-preview:large, max-video-preview:-1\" \/>\n<link rel=\"canonical\" href=\"https:\/\/www.agriculturayensayo.com\/ayewebpage\/es\/sobre-aye\/\" \/>\n<meta property=\"og:locale\" content=\"en_US\" \/>\n<meta property=\"og:type\" content=\"article\" \/>\n<meta property=\"og:title\" content=\"SOBRE AYE | Agricultura y Ensayo\" \/>\n<meta property=\"og:description\" content=\"[vc_row full_width=&#8221;stretch_row_content_no_spaces&#8221; css=&#8221;.vc_custom_1547459316873{margin-top: -80px !important;}&#8221;][vc_column][vc_single_image image=&#8221;3230&#8243; img_size=&#8221;full&#8221; alignment=&#8221;center&#8221;][\/vc_column][\/vc_row][vc_row css=&#8221;.vc_custom_1547459431152{padding-top: 50px !important;}&#8221;][vc_column][vc_column_text] Sobre Agricultura y Ensayo [\/vc_column_text][vc_separator color=&#8221;green&#8221; el_width=&#8221;20&#8243;][\/vc_column][\/vc_row][vc_row][vc_column][vc_column_text]Agricultura y Ensayo nace en 1997 con tan s\u00f3lo 4 personas embarcadas en el proyecto. Durante todos estos a\u00f1os hemos ido creciendo y, a d\u00eda de hoy, ya somos 42 los profesionales que formamos parte de este equipo. [&hellip;]\" \/>\n<meta property=\"og:url\" content=\"https:\/\/www.agriculturayensayo.com\/ayewebpage\/es\/sobre-aye\/\" \/>\n<meta property=\"og:site_name\" content=\"Agricultura y Ensayo\" \/>\n<meta property=\"article:publisher\" content=\"https:\/\/www.facebook.com\/AgriculturayEnsayo\/\" \/>\n<meta property=\"article:modified_time\" content=\"2019-05-02T10:06:28+00:00\" \/>\n<meta name=\"twitter:card\" content=\"summary_large_image\" \/>\n<script type=\"application\/ld+json\" class=\"yoast-schema-graph\">{\"@context\":\"https:\/\/schema.org\",\"@graph\":[{\"@type\":\"WebSite\",\"@id\":\"https:\/\/www.agriculturayensayo.com\/ayewebpage\/#website\",\"url\":\"https:\/\/www.agriculturayensayo.com\/ayewebpage\/\",\"name\":\"Agricultura y Ensayo\",\"description\":\"Research and Development (R+D) of agrochemical products\",\"potentialAction\":[{\"@type\":\"SearchAction\",\"target\":\"https:\/\/www.agriculturayensayo.com\/ayewebpage\/?s={search_term_string}\",\"query-input\":\"required name=search_term_string\"}],\"inLanguage\":\"en-US\"},{\"@type\":\"WebPage\",\"@id\":\"https:\/\/www.agriculturayensayo.com\/ayewebpage\/es\/sobre-aye\/#webpage\",\"url\":\"https:\/\/www.agriculturayensayo.com\/ayewebpage\/es\/sobre-aye\/\",\"name\":\"SOBRE AYE | Agricultura y Ensayo\",\"isPartOf\":{\"@id\":\"https:\/\/www.agriculturayensayo.com\/ayewebpage\/#website\"},\"datePublished\":\"2019-01-14T09:46:38+00:00\",\"dateModified\":\"2019-05-02T10:06:28+00:00\",\"inLanguage\":\"en-US\",\"potentialAction\":[{\"@type\":\"ReadAction\",\"target\":[\"https:\/\/www.agriculturayensayo.com\/ayewebpage\/es\/sobre-aye\/\"]}]}]}<\/script>\n<!-- \/ Yoast SEO plugin. -->","_links":{"self":[{"href":"https:\/\/www.agriculturayensayo.com\/ayewebpage\/wp-json\/wp\/v2\/pages\/3224"}],"collection":[{"href":"https:\/\/www.agriculturayensayo.com\/ayewebpage\/wp-json\/wp\/v2\/pages"}],"about":[{"href":"https:\/\/www.agriculturayensayo.com\/ayewebpage\/wp-json\/wp\/v2\/types\/page"}],"author":[{"embeddable":true,"href":"https:\/\/www.agriculturayensayo.com\/ayewebpage\/wp-json\/wp\/v2\/users\/3"}],"replies":[{"embeddable":true,"href":"https:\/\/www.agriculturayensayo.com\/ayewebpage\/wp-json\/wp\/v2\/comments?post=3224"}],"version-history":[{"count":76,"href":"https:\/\/www.agriculturayensayo.com\/ayewebpage\/wp-json\/wp\/v2\/pages\/3224\/revisions"}],"predecessor-version":[{"id":3411,"href":"https:\/\/www.agriculturayensayo.com\/ayewebpage\/wp-json\/wp\/v2\/pages\/3224\/revisions\/3411"}],"wp:attachment":[{"href":"https:\/\/www.agriculturayensayo.com\/ayewebpage\/wp-json\/wp\/v2\/media?parent=3224"}],"curies":[{"name":"wp","href":"https:\/\/api.w.org\/{rel}","templated":true}]}}